{"id":28106,"date":"2017-02-02T12:45:11","date_gmt":"2017-02-02T11:45:11","guid":{"rendered":"https:\/\/gsro.de\/?page_id=28106"},"modified":"2024-10-02T12:54:50","modified_gmt":"2024-10-02T10:54:50","slug":"kontakt_hort","status":"publish","type":"page","link":"https:\/\/gsro.de\/index.php\/kontakt_hort\/","title":{"rendered":"Hort"},"content":{"rendered":"<p>[et_pb_section fb_built=&#8221;1&#8243; fullwidth=&#8221;on&#8221; custom_padding_last_edited=&#8221;on|desktop&#8221; admin_label=&#8221;section&#8221; _builder_version=&#8221;4.16&#8243; custom_padding_tablet=&#8221;50px|0|50px|0&#8243; custom_padding_phone=&#8221;&#8221; transparent_background=&#8221;off&#8221; padding_mobile=&#8221;off&#8221; global_colors_info=&#8221;{}&#8221;][et_pb_fullwidth_map address=&#8221;Sudetenstra\u00dfe 6, 74889 Sinsheim, Deutschland&#8221; zoom_level=&#8221;13&#8243; address_lat=&#8221;49.2536&#8243; address_lng=&#8221;8.90284&#8243; admin_label=&#8221;Fullwidth Map&#8221; _builder_version=&#8221;4.16&#8243; global_colors_info=&#8221;{}&#8221;][et_pb_map_pin title=&#8221;Kernzeit Rohrbach e.V. &#038; Hort an der Schule&#8221; pin_address=&#8221;Sudetenstra\u00dfe 6, 74889 Sinsheim, Deutschland&#8221; pin_address_lat=&#8221;49.2536&#8243; pin_address_lng=&#8221;8.90283999999997&#8243; _builder_version=&#8221;3.0.47&#8243; global_colors_info=&#8221;{}&#8221;]<img loading=\"lazy\" decoding=\"async\" class=\"alignnone size-medium wp-image-28107 aligncenter\" src=\"https:\/\/gsro.de\/wp-content\/uploads\/2017\/02\/Logo-_KernzeitAKTUELL011008-300x283.jpg\" alt=\"\" width=\"300\" height=\"283\" srcset=\"https:\/\/gsro.de\/wp-content\/uploads\/2017\/02\/Logo-_KernzeitAKTUELL011008-300x283.jpg 300w, https:\/\/gsro.de\/wp-content\/uploads\/2017\/02\/Logo-_KernzeitAKTUELL011008-768x724.jpg 768w, https:\/\/gsro.de\/wp-content\/uploads\/2017\/02\/Logo-_KernzeitAKTUELL011008-1024x966.jpg 1024w, https:\/\/gsro.de\/wp-content\/uploads\/2017\/02\/Logo-_KernzeitAKTUELL011008-1080x1018.jpg 1080w, https:\/\/gsro.de\/wp-content\/uploads\/2017\/02\/Logo-_KernzeitAKTUELL011008.jpg 1157w\" sizes=\"(max-width: 300px) 100vw, 300px\" \/><br \/>\n[\/et_pb_map_pin][\/et_pb_fullwidth_map][\/et_pb_section][et_pb_section fb_built=&#8221;1&#8243; custom_padding_last_edited=&#8221;on|phone&#8221; admin_label=&#8221;Section&#8221; _builder_version=&#8221;4.16&#8243; background_color=&#8221;#0c71c3&#8243; custom_padding_tablet=&#8221;15px|||&#8221; custom_padding_phone=&#8221;80px||20px|&#8221; transparent_background=&#8221;off&#8221; padding_mobile=&#8221;off&#8221; global_colors_info=&#8221;{}&#8221;][et_pb_row _builder_version=&#8221;4.19.1&#8243; _module_preset=&#8221;default&#8221; global_colors_info=&#8221;{}&#8221;][et_pb_column type=&#8221;4_4&#8243; _builder_version=&#8221;4.19.1&#8243; _module_preset=&#8221;default&#8221; global_colors_info=&#8221;{}&#8221;][et_pb_testimonial author=&#8221;Gerdi Eiermann&#8221; job_title=&#8221;1. Vorsitzende&#8221; company_name=&#8221;Kernzeit Rohrbach e.V. &#038; Hort an der Schule&#8221; portrait_url=&#8221;https:\/\/gsro.de\/wp-content\/uploads\/2017\/02\/Logo-_KernzeitAKTUELL011008.jpg&#8221; portrait_width=&#8221;180px&#8221; portrait_height=&#8221;180px&#8221; _builder_version=&#8221;4.19.1&#8243; _module_preset=&#8221;default&#8221; background_color=&#8221;#FFFFFF&#8221; border_radii_portrait=&#8221;on|0px|0px|0px|0px&#8221; box_shadow_style=&#8221;preset5&#8243; global_colors_info=&#8221;{}&#8221;]<\/p>\n<div class=\"et_pb_column et_pb_column_4_4 et_pb_column_0  et_pb_css_mix_blend_mode_passthrough et-last-child\">\n<div class=\"et_pb_module et_pb_text et_pb_text_0  et_pb_text_align_left et_pb_bg_layout_light\">\n<div class=\"et_pb_text_inner\">Der Verein wurde von Eltern im Jahr 1999 als privater Verein gegr\u00fcndet und ist seit 2008 im Besitz einer \u00f6ffentlichen Anerkennung als Tr\u00e4ger der freien Jugendhilfe nach \u00a7 75 SGB im Bereich der Tageseinrichtungen. Damit Betreuung, Erziehung und Lernen ineinander \u00fcbergreifen, arbeitet die Hortleitung und die Vorstandschaft eng und situationsbezogen mit der Schulleitung zusammen. Die Vorsitzende ist beratendes Mitglied bei der Schulkonferenz und der Gesamtlehrerkonferenz (GLK). Das Hortgeb\u00e4ude ist auf dem Schulgel\u00e4nde. Es besteht aus einem zweist\u00f6ckigen Geb\u00e4udekomplex mit moderner Ausstattung. In drei R\u00e4umen werden die altergemischten Gruppen von 10 Erzieherinnen betreut.<\/div>\n<\/div>\n<\/div>\n<p>[\/et_pb_testimonial][\/et_pb_column][\/et_pb_row][et_pb_row column_structure=&#8221;1_3,1_3,1_3&#8243; padding_mobile=&#8221;off&#8221; column_padding_mobile=&#8221;on&#8221; custom_padding_last_edited=&#8221;on|phone&#8221; admin_label=&#8221;Row&#8221; _builder_version=&#8221;4.16&#8243; background_size=&#8221;initial&#8221; background_position=&#8221;top_left&#8221; background_repeat=&#8221;repeat&#8221; custom_padding_tablet=&#8221;&#8221; custom_padding_phone=&#8221;65px|||&#8221; global_colors_info=&#8221;{}&#8221;][et_pb_column type=&#8221;1_3&#8243; _builder_version=&#8221;4.16&#8243; custom_padding=&#8221;|||&#8221; global_colors_info=&#8221;{}&#8221; custom_padding__hover=&#8221;|||&#8221;][et_pb_cta title=&#8221;Aktueller Flyer&#8221; button_url=&#8221;https:\/\/cloudfiles.gs-rohrbach.de\/index.php\/s\/MqroJHicRCHTyYd&#8221; button_text=&#8221;Download Flyer&#8221; admin_label=&#8221;Call To Action&#8221; _builder_version=&#8221;4.27.2&#8243; use_background_color=&#8221;off&#8221; background_size=&#8221;initial&#8221; background_position=&#8221;top_left&#8221; background_repeat=&#8221;repeat&#8221; custom_button=&#8221;on&#8221; hover_enabled=&#8221;0&#8243; use_border_color=&#8221;off&#8221; border_color=&#8221;#ffffff&#8221; border_width=&#8221;1px&#8221; border_style=&#8221;solid&#8221; button_text_color_hover=&#8221;#0c71c3&#8243; button_border_color_hover=&#8221;#0c71c3&#8243; button_letter_spacing_hover=&#8221;0&#8243; button_bg_color_hover=&#8221;#ffffff&#8221; global_colors_info=&#8221;{}&#8221; button_text_size__hover_enabled=&#8221;off&#8221; button_one_text_size__hover_enabled=&#8221;off&#8221; button_two_text_size__hover_enabled=&#8221;off&#8221; button_text_color__hover_enabled=&#8221;on&#8221; button_text_color__hover=&#8221;#0c71c3&#8243; button_one_text_color__hover_enabled=&#8221;off&#8221; button_two_text_color__hover_enabled=&#8221;off&#8221; button_border_width__hover_enabled=&#8221;off&#8221; button_one_border_width__hover_enabled=&#8221;off&#8221; button_two_border_width__hover_enabled=&#8221;off&#8221; button_border_color__hover_enabled=&#8221;on&#8221; button_border_color__hover=&#8221;#0c71c3&#8243; button_one_border_color__hover_enabled=&#8221;off&#8221; button_two_border_color__hover_enabled=&#8221;off&#8221; button_border_radius__hover_enabled=&#8221;off&#8221; button_one_border_radius__hover_enabled=&#8221;off&#8221; button_two_border_radius__hover_enabled=&#8221;off&#8221; button_letter_spacing__hover_enabled=&#8221;on&#8221; button_letter_spacing__hover=&#8221;0&#8243; button_one_letter_spacing__hover_enabled=&#8221;off&#8221; button_two_letter_spacing__hover_enabled=&#8221;off&#8221; button_bg_color__hover_enabled=&#8221;on&#8221; button_bg_color__hover=&#8221;#ffffff&#8221; button_one_bg_color__hover_enabled=&#8221;off&#8221; button_two_bg_color__hover_enabled=&#8221;off&#8221; sticky_enabled=&#8221;0&#8243;][\/et_pb_cta][\/et_pb_column][et_pb_column type=&#8221;1_3&#8243; _builder_version=&#8221;4.16&#8243; custom_padding=&#8221;|||&#8221; global_colors_info=&#8221;{}&#8221; custom_padding__hover=&#8221;|||&#8221;][et_pb_cta title=&#8221;Aktuelle Satzung&#8221; button_url=&#8221;https:\/\/gsro.de\/wp-content\/uploads\/2017\/02\/Kernzeit_Satzung2011.pdf&#8221; button_text=&#8221;Download Satzung&#8221; admin_label=&#8221;Call To Action&#8221; _builder_version=&#8221;4.16&#8243; background_size=&#8221;initial&#8221; background_position=&#8221;top_left&#8221; background_repeat=&#8221;repeat&#8221; custom_button=&#8221;on&#8221; use_border_color=&#8221;off&#8221; border_color=&#8221;#ffffff&#8221; border_width=&#8221;1px&#8221; border_style=&#8221;solid&#8221; button_text_color_hover=&#8221;#0c71c3&#8243; button_border_color_hover=&#8221;#0c71c3&#8243; button_letter_spacing_hover=&#8221;0&#8243; button_bg_color_hover=&#8221;#ffffff&#8221; global_colors_info=&#8221;{}&#8221; button_text_size__hover_enabled=&#8221;off&#8221; button_one_text_size__hover_enabled=&#8221;off&#8221; button_two_text_size__hover_enabled=&#8221;off&#8221; button_text_color__hover_enabled=&#8221;on&#8221; button_text_color__hover=&#8221;#0c71c3&#8243; button_one_text_color__hover_enabled=&#8221;off&#8221; button_two_text_color__hover_enabled=&#8221;off&#8221; button_border_width__hover_enabled=&#8221;off&#8221; button_one_border_width__hover_enabled=&#8221;off&#8221; button_two_border_width__hover_enabled=&#8221;off&#8221; button_border_color__hover_enabled=&#8221;on&#8221; button_border_color__hover=&#8221;#0c71c3&#8243; button_one_border_color__hover_enabled=&#8221;off&#8221; button_two_border_color__hover_enabled=&#8221;off&#8221; button_border_radius__hover_enabled=&#8221;off&#8221; button_one_border_radius__hover_enabled=&#8221;off&#8221; button_two_border_radius__hover_enabled=&#8221;off&#8221; button_letter_spacing__hover_enabled=&#8221;on&#8221; button_letter_spacing__hover=&#8221;0&#8243; button_one_letter_spacing__hover_enabled=&#8221;off&#8221; button_two_letter_spacing__hover_enabled=&#8221;off&#8221; button_bg_color__hover_enabled=&#8221;on&#8221; button_bg_color__hover=&#8221;#ffffff&#8221; button_one_bg_color__hover_enabled=&#8221;off&#8221; button_two_bg_color__hover_enabled=&#8221;off&#8221;][\/et_pb_cta][\/et_pb_column][et_pb_column type=&#8221;1_3&#8243; _builder_version=&#8221;4.16&#8243; custom_padding=&#8221;|||&#8221; global_colors_info=&#8221;{}&#8221; custom_padding__hover=&#8221;|||&#8221;][et_pb_cta title=&#8221;Aktuelle Ordnung&#8221; button_url=&#8221;https:\/\/cloudfiles.gs-rohrbach.de\/index.php\/s\/tooWxsjmfqimPT5&#8243; button_text=&#8221;Download Ordnung&#8221; admin_label=&#8221;Call To Action&#8221; _builder_version=&#8221;4.27.2&#8243; use_background_color=&#8221;off&#8221; background_size=&#8221;initial&#8221; background_position=&#8221;top_left&#8221; background_repeat=&#8221;repeat&#8221; custom_button=&#8221;on&#8221; hover_enabled=&#8221;0&#8243; use_border_color=&#8221;off&#8221; border_color=&#8221;#ffffff&#8221; border_width=&#8221;1px&#8221; border_style=&#8221;solid&#8221; button_text_color_hover=&#8221;#0c71c3&#8243; button_letter_spacing_hover=&#8221;0&#8243; button_bg_color_hover=&#8221;#ffffff&#8221; global_colors_info=&#8221;{}&#8221; button_text_size__hover_enabled=&#8221;off&#8221; button_one_text_size__hover_enabled=&#8221;off&#8221; button_two_text_size__hover_enabled=&#8221;off&#8221; button_text_color__hover_enabled=&#8221;on&#8221; button_text_color__hover=&#8221;#0c71c3&#8243; button_one_text_color__hover_enabled=&#8221;off&#8221; button_two_text_color__hover_enabled=&#8221;off&#8221; button_border_width__hover_enabled=&#8221;off&#8221; button_one_border_width__hover_enabled=&#8221;off&#8221; button_two_border_width__hover_enabled=&#8221;off&#8221; button_border_color__hover_enabled=&#8221;off&#8221; button_one_border_color__hover_enabled=&#8221;off&#8221; button_two_border_color__hover_enabled=&#8221;off&#8221; button_border_radius__hover_enabled=&#8221;off&#8221; button_one_border_radius__hover_enabled=&#8221;off&#8221; button_two_border_radius__hover_enabled=&#8221;off&#8221; button_letter_spacing__hover_enabled=&#8221;on&#8221; button_letter_spacing__hover=&#8221;0&#8243; button_one_letter_spacing__hover_enabled=&#8221;off&#8221; button_two_letter_spacing__hover_enabled=&#8221;off&#8221; button_bg_color__hover_enabled=&#8221;on&#8221; button_bg_color__hover=&#8221;#ffffff&#8221; button_one_bg_color__hover_enabled=&#8221;off&#8221; button_two_bg_color__hover_enabled=&#8221;off&#8221; sticky_enabled=&#8221;0&#8243;][\/et_pb_cta][\/et_pb_column][\/et_pb_row][\/et_pb_section][et_pb_section fb_built=&#8221;1&#8243; custom_padding_last_edited=&#8221;on|phone&#8221; admin_label=&#8221;section&#8221; _builder_version=&#8221;4.16&#8243; background_color=&#8221;#0c71c3&#8243; custom_padding_tablet=&#8221;50px|0|50px|0&#8243; custom_padding_phone=&#8221;20px|||&#8221; transparent_background=&#8221;off&#8221; padding_mobile=&#8221;off&#8221; global_colors_info=&#8221;{}&#8221;][et_pb_row column_structure=&#8221;1_3,1_3,1_3&#8243; padding_mobile=&#8221;off&#8221; column_padding_mobile=&#8221;on&#8221; admin_label=&#8221;row&#8221; _builder_version=&#8221;4.16&#8243; background_size=&#8221;initial&#8221; background_position=&#8221;top_left&#8221; background_repeat=&#8221;repeat&#8221; custom_padding=&#8221;27px|0px|27px|0px&#8221; global_colors_info=&#8221;{}&#8221;][et_pb_column type=&#8221;1_3&#8243; _builder_version=&#8221;4.16&#8243; custom_padding=&#8221;|||&#8221; global_colors_info=&#8221;{}&#8221; custom_padding__hover=&#8221;|||&#8221;][et_pb_text admin_label=&#8221;Text&#8221; _builder_version=&#8221;4.16&#8243; header_font_size=&#8221;15px&#8221; background_size=&#8221;initial&#8221; background_position=&#8221;top_left&#8221; background_repeat=&#8221;repeat&#8221; background_layout=&#8221;dark&#8221; use_border_color=&#8221;off&#8221; border_style=&#8221;solid&#8221; global_colors_info=&#8221;{}&#8221;]<\/p>\n<p style=\"text-align: center;\"><b><img loading=\"lazy\" decoding=\"async\" class=\"alignnone size-medium wp-image-28107\" src=\"..\/..\/wp-content\/uploads\/2017\/02\/Logo-_KernzeitAKTUELL011008-300x283.jpg\" alt=\"\" width=\"300\" height=\"283\" srcset=\"https:\/\/gsro.de\/wp-content\/uploads\/2017\/02\/Logo-_KernzeitAKTUELL011008-300x283.jpg 300w, https:\/\/gsro.de\/wp-content\/uploads\/2017\/02\/Logo-_KernzeitAKTUELL011008-768x724.jpg 768w, https:\/\/gsro.de\/wp-content\/uploads\/2017\/02\/Logo-_KernzeitAKTUELL011008-1024x966.jpg 1024w, https:\/\/gsro.de\/wp-content\/uploads\/2017\/02\/Logo-_KernzeitAKTUELL011008-1080x1018.jpg 1080w, https:\/\/gsro.de\/wp-content\/uploads\/2017\/02\/Logo-_KernzeitAKTUELL011008.jpg 1157w\" sizes=\"(max-width: 300px) 100vw, 300px\" \/><\/b><\/p>\n<p>[\/et_pb_text][\/et_pb_column][et_pb_column type=&#8221;1_3&#8243; _builder_version=&#8221;4.16&#8243; custom_padding=&#8221;|||&#8221; global_colors_info=&#8221;{}&#8221; custom_padding__hover=&#8221;|||&#8221;][et_pb_text admin_label=&#8221;Text&#8221; _builder_version=&#8221;4.16&#8243; header_font_size=&#8221;15px&#8221; background_size=&#8221;initial&#8221; background_position=&#8221;top_left&#8221; background_repeat=&#8221;repeat&#8221; background_layout=&#8221;dark&#8221; use_border_color=&#8221;off&#8221; border_style=&#8221;solid&#8221; global_colors_info=&#8221;{}&#8221;]<\/p>\n<p><b>Adresse<\/b><strong>:<\/strong><\/p>\n<p>Kernzeit Rohrbach e.V. &#038; Hort an der Schule<strong><br \/>\n<\/strong>Sudetenstr. 6<br \/>\n74889 Sinsheim-Rohrbach<\/p>\n<p><strong>Telefon:<\/strong><\/p>\n<p>Tel.: 07261-9453732<br \/>\nHandy:\u00a00160-1034103<\/p>\n<p><strong>E-Mail:<\/strong><\/p>\n<p>kernzeit-rohrbach@gmx.de<\/p>\n<p>[\/et_pb_text][\/et_pb_column][et_pb_column type=&#8221;1_3&#8243; _builder_version=&#8221;4.16&#8243; custom_padding=&#8221;|||&#8221; global_colors_info=&#8221;{}&#8221; custom_padding__hover=&#8221;|||&#8221;][et_pb_text admin_label=&#8221;Text&#8221; _builder_version=&#8221;4.16&#8243; header_font_size=&#8221;15px&#8221; background_size=&#8221;initial&#8221; background_position=&#8221;top_left&#8221; background_repeat=&#8221;repeat&#8221; background_layout=&#8221;dark&#8221; use_border_color=&#8221;off&#8221; border_style=&#8221;solid&#8221; global_colors_info=&#8221;{}&#8221;]<\/p>\n<p><strong>Bankverbindung:<\/strong><\/p>\n<p>VoBa Kraichgau<\/p>\n<p>IBAN: DE45 6729 2200 0031 1313 08<\/p>\n<p>BIC: \u00a0 GENODE61WIE<\/p>\n<p>[\/et_pb_text][\/et_pb_column][\/et_pb_row][\/et_pb_section]<\/p>\n","protected":false},"excerpt":{"rendered":"<p>Der Verein wurde von Eltern im Jahr 1999 als privater Verein gegr\u00fcndet und ist seit 2008 im Besitz einer \u00f6ffentlichen Anerkennung als Tr\u00e4ger der freien Jugendhilfe nach \u00a7 75 SGB im Bereich der Tageseinrichtungen. Damit Betreuung, Erziehung und Lernen ineinander \u00fcbergreifen, arbeitet die Hortleitung und die Vorstandschaft eng und situationsbezogen mit der Schulleitung zusammen. Die [&hellip;]<\/p>\n","protected":false},"author":2,"featured_media":0,"parent":0,"menu_order":0,"comment_status":"closed","ping_status":"closed","template":"","meta":{"_et_pb_use_builder":"on","_et_pb_old_content":"","_et_gb_content_width":"","footnotes":""},"class_list":["post-28106","page","type-page","status-publish","hentry"],"_links":{"self":[{"href":"https:\/\/gsro.de\/index.php\/wp-json\/wp\/v2\/pages\/28106","targetHints":{"allow":["GET"]}}],"collection":[{"href":"https:\/\/gsro.de\/index.php\/wp-json\/wp\/v2\/pages"}],"about":[{"href":"https:\/\/gsro.de\/index.php\/wp-json\/wp\/v2\/types\/page"}],"author":[{"embeddable":true,"href":"https:\/\/gsro.de\/index.php\/wp-json\/wp\/v2\/users\/2"}],"replies":[{"embeddable":true,"href":"https:\/\/gsro.de\/index.php\/wp-json\/wp\/v2\/comments?post=28106"}],"version-history":[{"count":52,"href":"https:\/\/gsro.de\/index.php\/wp-json\/wp\/v2\/pages\/28106\/revisions"}],"predecessor-version":[{"id":30598,"href":"https:\/\/gsro.de\/index.php\/wp-json\/wp\/v2\/pages\/28106\/revisions\/30598"}],"wp:attachment":[{"href":"https:\/\/gsro.de\/index.php\/wp-json\/wp\/v2\/media?parent=28106"}],"curies":[{"name":"wp","href":"https:\/\/api.w.org\/{rel}","templated":true}]}}