{"id":28480,"date":"2017-07-20T08:41:49","date_gmt":"2017-07-20T06:41:49","guid":{"rendered":"https:\/\/gsro.de\/?page_id=28480"},"modified":"2026-01-29T10:56:13","modified_gmt":"2026-01-29T09:56:13","slug":"recheninsel","status":"publish","type":"page","link":"https:\/\/gsro.de\/index.php\/recheninsel\/","title":{"rendered":"Recheninsel"},"content":{"rendered":"<p>[et_pb_section fb_built=&#8221;1&#8243; custom_padding_last_edited=&#8221;on|desktop&#8221; admin_label=&#8221;section&#8221; _builder_version=&#8221;4.27.4&#8243; background_color=&#8221;#FFFFFF&#8221; custom_padding_tablet=&#8221;50px|0|50px|0&#8243; custom_padding_phone=&#8221;14px|0px|15px|0px&#8221; transparent_background=&#8221;off&#8221; padding_mobile=&#8221;off&#8221; make_fullwidth=&#8221;off&#8221; use_custom_width=&#8221;off&#8221; width_unit=&#8221;off&#8221; custom_width_px=&#8221;1080px&#8221; custom_width_percent=&#8221;80%&#8221; global_colors_info=&#8221;{}&#8221;][et_pb_row _builder_version=&#8221;4.27.4&#8243; _module_preset=&#8221;default&#8221; global_colors_info=&#8221;{}&#8221;][et_pb_column type=&#8221;4_4&#8243; _builder_version=&#8221;4.27.4&#8243; _module_preset=&#8221;default&#8221; global_colors_info=&#8221;{}&#8221;][et_pb_image src=&#8221;https:\/\/gsro.de\/wp-content\/uploads\/2025\/10\/Briefkopf-Schule-und-Recheninsel-scaled.jpg&#8221; alt=&#8221;header_recheninsel&#8221; title_text=&#8221;Briefkopf Schule und Recheninsel&#8221; align=&#8221;center&#8221; _builder_version=&#8221;4.27.4&#8243; _module_preset=&#8221;default&#8221; global_colors_info=&#8221;{}&#8221;][\/et_pb_image][\/et_pb_column][\/et_pb_row][et_pb_row column_structure=&#8221;3_5,2_5&#8243; padding_mobile=&#8221;on&#8221; column_padding_mobile=&#8221;on&#8221; admin_label=&#8221;row&#8221; _builder_version=&#8221;4.16&#8243; background_size=&#8221;initial&#8221; background_position=&#8221;top_left&#8221; background_repeat=&#8221;repeat&#8221; custom_padding=&#8221;15px|||&#8221; make_fullwidth=&#8221;off&#8221; use_custom_width=&#8221;off&#8221; width_unit=&#8221;off&#8221; custom_width_px=&#8221;1080px&#8221; custom_width_percent=&#8221;80%&#8221; global_colors_info=&#8221;{}&#8221;][et_pb_column type=&#8221;3_5&#8243; _builder_version=&#8221;4.16&#8243; custom_padding=&#8221;|||&#8221; global_colors_info=&#8221;{}&#8221; custom_padding__hover=&#8221;|||&#8221;][et_pb_text admin_label=&#8221;Text&#8221; _builder_version=&#8221;4.27.5&#8243; text_font=&#8221;||||||||&#8221; text_text_color=&#8221;#0C71C3&#8243; header_font=&#8221;|&#8211;et_global_heading_font_weight|||||||&#8221; header_text_color=&#8221;#0C71C3&#8243; background_size=&#8221;initial&#8221; background_position=&#8221;top_left&#8221; background_repeat=&#8221;repeat&#8221; background_layout=&#8221;dark&#8221; text_font_size_tablet=&#8221;12px&#8221; text_font_size_phone=&#8221;12px&#8221; text_font_size_last_edited=&#8221;on|phone&#8221; use_border_color=&#8221;off&#8221; border_style=&#8221;solid&#8221; global_colors_info=&#8221;{}&#8221;]<\/p>\n<h1 data-start=\"234\" data-end=\"249\"><strong data-start=\"234\" data-end=\"249\">Recheninsel<\/strong><\/h1>\n<p data-start=\"251\" data-end=\"538\">Die Recheninsel ist ein erg\u00e4nzendes F\u00f6rderangebot f\u00fcr Kinder mit ausgepr\u00e4gten Schwierigkeiten im mathematischen Lernen. In der Regel werden Sch\u00fclerinnen und Sch\u00fcler der <strong data-start=\"420\" data-end=\"440\">Jahrgangsstufe 2<\/strong> aufgenommen. Die F\u00f6rderung erfolgt als <strong data-start=\"480\" data-end=\"518\">Einzelf\u00f6rderung einmal w\u00f6chentlich<\/strong> in der Recheninsel.<\/p>\n<p data-start=\"540\" data-end=\"898\">Eine Anmeldung ist <strong data-start=\"559\" data-end=\"615\">ausschlie\u00dflich \u00fcber die aktuell besuchte Stammschule<\/strong> m\u00f6glich. Voraussetzung ist, dass die schulischen F\u00f6rderma\u00dfnahmen ausgesch\u00f6pft wurden und eine schwere Rechenschw\u00e4che vorliegt. Grundlage der Anmeldung ist ein <strong data-start=\"775\" data-end=\"828\">zusammenfassender Bericht der Mathematiklehrkraft<\/strong> sowie das <strong data-start=\"839\" data-end=\"897\">schriftliche Einverst\u00e4ndnis der Erziehungsberechtigten<\/strong>.<\/p>\n<p data-start=\"900\" data-end=\"1211\">Ein wesentlicher Bestandteil des F\u00f6rderkonzepts ist der <strong data-start=\"956\" data-end=\"1022\">kontinuierliche Austausch zwischen Stammschule und Recheninsel<\/strong>. Die F\u00f6rderung in der Recheninsel ersetzt nicht die schulische F\u00f6rderung, sondern erg\u00e4nzt diese. Die Stammschule f\u00fchrt ihren F\u00f6rderplan fort und unterst\u00fctzt die Lernprozesse im Unterricht.<\/p>\n<p data-start=\"1213\" data-end=\"1514\">F\u00fcr einen nachhaltigen Lernerfolg ist zudem die <strong data-start=\"1261\" data-end=\"1315\">aktive Mitarbeit der Familie zwingend erforderlich<\/strong>. Dazu geh\u00f6ren die regelm\u00e4\u00dfige Teilnahme des Kindes, unterst\u00fctzende h\u00e4usliche \u00dcbungen sowie der <strong data-start=\"1411\" data-end=\"1441\">Fahrdienst zur Recheninsel<\/strong>, der <strong data-start=\"1447\" data-end=\"1513\">verbindlich durch die Erziehungsberechtigten zu \u00fcbernehmen ist<\/strong>.<\/p>\n<p data-start=\"1516\" data-end=\"1594\">Bei Fragen stehen wir Ihnen gerne zur Verf\u00fcgung.<br data-start=\"1564\" data-end=\"1567\" \/><strong data-start=\"1567\" data-end=\"1579\">Telefon: 07261 \/ 404792<\/strong><\/p>\n<p data-start=\"1596\" data-end=\"1663\">Bitte verwenden Sie f\u00fcr die Anmeldung die untenstehenden Formulare.<\/p>\n<p>[\/et_pb_text][\/et_pb_column][et_pb_column type=&#8221;2_5&#8243; _builder_version=&#8221;4.16&#8243; custom_padding=&#8221;|||&#8221; global_colors_info=&#8221;{}&#8221; custom_padding__hover=&#8221;|||&#8221;][et_pb_image src=&#8221;https:\/\/gsro.de\/wp-content\/uploads\/2026\/01\/Mediathek-1-von-1.jpeg&#8221; alt=&#8221;Recheninself\u00f6rderung&#8221; title_text=&#8221;Recheninself\u00f6rderung&#8221; show_in_lightbox=&#8221;on&#8221; align=&#8221;center&#8221; align_tablet=&#8221;center&#8221; align_phone=&#8221;&#8221; align_last_edited=&#8221;on|desktop&#8221; admin_label=&#8221;Image&#8221; _builder_version=&#8221;4.27.5&#8243; custom_padding=&#8221;31px|||||&#8221; animation_style=&#8221;slide&#8221; animation_direction=&#8221;left&#8221; animation_duration=&#8221;500ms&#8221; animation_intensity_slide=&#8221;10%&#8221; sticky=&#8221;off&#8221; use_border_color=&#8221;off&#8221; border_color=&#8221;#ffffff&#8221; border_width=&#8221;1px&#8221; border_style=&#8221;solid&#8221; always_center_on_mobile=&#8221;on&#8221; global_colors_info=&#8221;{}&#8221;] [\/et_pb_image][\/et_pb_column][\/et_pb_row][et_pb_row column_structure=&#8221;1_3,1_3,1_3&#8243; padding_mobile=&#8221;off&#8221; column_padding_mobile=&#8221;on&#8221; admin_label=&#8221;Row&#8221; _builder_version=&#8221;4.16&#8243; background_size=&#8221;initial&#8221; background_position=&#8221;top_left&#8221; background_repeat=&#8221;repeat&#8221; make_fullwidth=&#8221;off&#8221; use_custom_width=&#8221;off&#8221; width_unit=&#8221;off&#8221; custom_width_px=&#8221;1080px&#8221; custom_width_percent=&#8221;80%&#8221; global_colors_info=&#8221;{}&#8221;][et_pb_column type=&#8221;1_3&#8243; _builder_version=&#8221;4.16&#8243; custom_padding=&#8221;|||&#8221; global_colors_info=&#8221;{}&#8221; custom_padding__hover=&#8221;|||&#8221;][et_pb_cta title=&#8221;Handlungshilfe Rechenschw\u00e4che&#8221; button_url=&#8221;https:\/\/cloudfiles.gs-rohrbach.de\/s\/S2rqCWgxLCzkBW9&#8243; button_text=&#8221;Download Handlungshilfe&#8221; admin_label=&#8221;Call To Action&#8221; _builder_version=&#8221;4.27.5&#8243; background_size=&#8221;initial&#8221; background_position=&#8221;top_left&#8221; background_repeat=&#8221;repeat&#8221; use_border_color=&#8221;off&#8221; border_color=&#8221;#ffffff&#8221; border_width=&#8221;1px&#8221; border_style=&#8221;solid&#8221; button_letter_spacing_hover=&#8221;0&#8243; global_colors_info=&#8221;{}&#8221; button_text_size__hover_enabled=&#8221;off&#8221; button_one_text_size__hover_enabled=&#8221;off&#8221; button_two_text_size__hover_enabled=&#8221;off&#8221; button_text_color__hover_enabled=&#8221;off&#8221; button_one_text_color__hover_enabled=&#8221;off&#8221; button_two_text_color__hover_enabled=&#8221;off&#8221; button_border_width__hover_enabled=&#8221;off&#8221; button_one_border_width__hover_enabled=&#8221;off&#8221; button_two_border_width__hover_enabled=&#8221;off&#8221; button_border_color__hover_enabled=&#8221;off&#8221; button_one_border_color__hover_enabled=&#8221;off&#8221; button_two_border_color__hover_enabled=&#8221;off&#8221; button_border_radius__hover_enabled=&#8221;off&#8221; button_one_border_radius__hover_enabled=&#8221;off&#8221; button_two_border_radius__hover_enabled=&#8221;off&#8221; button_letter_spacing__hover_enabled=&#8221;on&#8221; button_letter_spacing__hover=&#8221;0&#8243; button_one_letter_spacing__hover_enabled=&#8221;off&#8221; button_two_letter_spacing__hover_enabled=&#8221;off&#8221; button_bg_color__hover_enabled=&#8221;off&#8221; button_one_bg_color__hover_enabled=&#8221;off&#8221; button_two_bg_color__hover_enabled=&#8221;off&#8221;] [\/et_pb_cta][\/et_pb_column][et_pb_column type=&#8221;1_3&#8243; _builder_version=&#8221;4.16&#8243; custom_padding=&#8221;|||&#8221; global_colors_info=&#8221;{}&#8221; custom_padding__hover=&#8221;|||&#8221;][et_pb_cta title=&#8221;Anmeldung zur Recheninsel&#8221; button_url=&#8221;https:\/\/cloudfiles.gs-rohrbach.de\/s\/gNyogp2CNJC4Z27&#8243; button_text=&#8221;Download Anmeldeformular&#8221; admin_label=&#8221;Call To Action&#8221; _builder_version=&#8221;4.27.5&#8243; background_size=&#8221;initial&#8221; background_position=&#8221;top_left&#8221; background_repeat=&#8221;repeat&#8221; use_border_color=&#8221;off&#8221; border_color=&#8221;#ffffff&#8221; border_width=&#8221;1px&#8221; border_style=&#8221;solid&#8221; button_letter_spacing_hover=&#8221;0&#8243; global_colors_info=&#8221;{}&#8221; button_text_size__hover_enabled=&#8221;off&#8221; button_one_text_size__hover_enabled=&#8221;off&#8221; button_two_text_size__hover_enabled=&#8221;off&#8221; button_text_color__hover_enabled=&#8221;off&#8221; button_one_text_color__hover_enabled=&#8221;off&#8221; button_two_text_color__hover_enabled=&#8221;off&#8221; button_border_width__hover_enabled=&#8221;off&#8221; button_one_border_width__hover_enabled=&#8221;off&#8221; button_two_border_width__hover_enabled=&#8221;off&#8221; button_border_color__hover_enabled=&#8221;off&#8221; button_one_border_color__hover_enabled=&#8221;off&#8221; button_two_border_color__hover_enabled=&#8221;off&#8221; button_border_radius__hover_enabled=&#8221;off&#8221; button_one_border_radius__hover_enabled=&#8221;off&#8221; button_two_border_radius__hover_enabled=&#8221;off&#8221; button_letter_spacing__hover_enabled=&#8221;on&#8221; button_letter_spacing__hover=&#8221;0&#8243; button_one_letter_spacing__hover_enabled=&#8221;off&#8221; button_two_letter_spacing__hover_enabled=&#8221;off&#8221; button_bg_color__hover_enabled=&#8221;off&#8221; button_one_bg_color__hover_enabled=&#8221;off&#8221; button_two_bg_color__hover_enabled=&#8221;off&#8221;][\/et_pb_cta][\/et_pb_column][et_pb_column type=&#8221;1_3&#8243; _builder_version=&#8221;4.16&#8243; custom_padding=&#8221;|||&#8221; global_colors_info=&#8221;{}&#8221; custom_padding__hover=&#8221;|||&#8221;][et_pb_cta title=&#8221;Einverst\u00e4ndniserkl\u00e4rung Erziehungsberechtigte&#8221; button_url=&#8221;https:\/\/cloudfiles.gs-rohrbach.de\/s\/7q78GZWY6cTWFNL&#8221; button_text=&#8221;Download Einverst\u00e4ndniserkl\u00e4rung&#8221; admin_label=&#8221;Call To Action&#8221; _builder_version=&#8221;4.27.5&#8243; background_size=&#8221;initial&#8221; background_position=&#8221;top_left&#8221; background_repeat=&#8221;repeat&#8221; use_border_color=&#8221;off&#8221; border_color=&#8221;#ffffff&#8221; border_width=&#8221;1px&#8221; border_style=&#8221;solid&#8221; button_letter_spacing_hover=&#8221;0&#8243; global_colors_info=&#8221;{}&#8221; button_text_size__hover_enabled=&#8221;off&#8221; button_one_text_size__hover_enabled=&#8221;off&#8221; button_two_text_size__hover_enabled=&#8221;off&#8221; button_text_color__hover_enabled=&#8221;off&#8221; button_one_text_color__hover_enabled=&#8221;off&#8221; button_two_text_color__hover_enabled=&#8221;off&#8221; button_border_width__hover_enabled=&#8221;off&#8221; button_one_border_width__hover_enabled=&#8221;off&#8221; button_two_border_width__hover_enabled=&#8221;off&#8221; button_border_color__hover_enabled=&#8221;off&#8221; button_one_border_color__hover_enabled=&#8221;off&#8221; button_two_border_color__hover_enabled=&#8221;off&#8221; button_border_radius__hover_enabled=&#8221;off&#8221; button_one_border_radius__hover_enabled=&#8221;off&#8221; button_two_border_radius__hover_enabled=&#8221;off&#8221; button_letter_spacing__hover_enabled=&#8221;on&#8221; button_letter_spacing__hover=&#8221;0&#8243; button_one_letter_spacing__hover_enabled=&#8221;off&#8221; button_two_letter_spacing__hover_enabled=&#8221;off&#8221; button_bg_color__hover_enabled=&#8221;off&#8221; button_one_bg_color__hover_enabled=&#8221;off&#8221; button_two_bg_color__hover_enabled=&#8221;off&#8221;][\/et_pb_cta][\/et_pb_column][\/et_pb_row][\/et_pb_section]<\/p>\n","protected":false},"excerpt":{"rendered":"<p>Recheninsel Die Recheninsel ist ein erg\u00e4nzendes F\u00f6rderangebot f\u00fcr Kinder mit ausgepr\u00e4gten Schwierigkeiten im mathematischen Lernen. In der Regel werden Sch\u00fclerinnen und Sch\u00fcler der Jahrgangsstufe 2 aufgenommen. Die F\u00f6rderung erfolgt als Einzelf\u00f6rderung einmal w\u00f6chentlich in der Recheninsel. Eine Anmeldung ist ausschlie\u00dflich \u00fcber die aktuell besuchte Stammschule m\u00f6glich. Voraussetzung ist, dass die schulischen F\u00f6rderma\u00dfnahmen ausgesch\u00f6pft wurden und [&hellip;]<\/p>\n","protected":false},"author":2,"featured_media":0,"parent":0,"menu_order":0,"comment_status":"closed","ping_status":"closed","template":"","meta":{"_et_pb_use_builder":"on","_et_pb_old_content":"","_et_gb_content_width":"","footnotes":""},"class_list":["post-28480","page","type-page","status-publish","hentry"],"_links":{"self":[{"href":"https:\/\/gsro.de\/index.php\/wp-json\/wp\/v2\/pages\/28480","targetHints":{"allow":["GET"]}}],"collection":[{"href":"https:\/\/gsro.de\/index.php\/wp-json\/wp\/v2\/pages"}],"about":[{"href":"https:\/\/gsro.de\/index.php\/wp-json\/wp\/v2\/types\/page"}],"author":[{"embeddable":true,"href":"https:\/\/gsro.de\/index.php\/wp-json\/wp\/v2\/users\/2"}],"replies":[{"embeddable":true,"href":"https:\/\/gsro.de\/index.php\/wp-json\/wp\/v2\/comments?post=28480"}],"version-history":[{"count":43,"href":"https:\/\/gsro.de\/index.php\/wp-json\/wp\/v2\/pages\/28480\/revisions"}],"predecessor-version":[{"id":30797,"href":"https:\/\/gsro.de\/index.php\/wp-json\/wp\/v2\/pages\/28480\/revisions\/30797"}],"wp:attachment":[{"href":"https:\/\/gsro.de\/index.php\/wp-json\/wp\/v2\/media?parent=28480"}],"curies":[{"name":"wp","href":"https:\/\/api.w.org\/{rel}","templated":true}]}}