{"id":29068,"date":"2020-03-16T10:19:47","date_gmt":"2020-03-16T09:19:47","guid":{"rendered":"https:\/\/gsro.de\/?page_id=29068"},"modified":"2025-10-20T08:36:59","modified_gmt":"2025-10-20T06:36:59","slug":"anmeldung-schulanfanger-2020","status":"publish","type":"page","link":"https:\/\/gsro.de\/index.php\/anmeldung-schulanfanger-2020\/","title":{"rendered":"Anmeldung Schulanf\u00e4nger 2020"},"content":{"rendered":"<p>[et_pb_section fb_built=&#8221;1&#8243; custom_padding_last_edited=&#8221;on|phone&#8221; admin_label=&#8221;Section&#8221; _builder_version=&#8221;4.19.1&#8243; background_color=&#8221;RGBA(255,255,255,0)&#8221; custom_padding=&#8221;6px||6px|||&#8221; custom_padding_tablet=&#8221;15px|||&#8221; custom_padding_phone=&#8221;80px||20px|&#8221; transparent_background=&#8221;off&#8221; padding_mobile=&#8221;off&#8221; make_fullwidth=&#8221;off&#8221; use_custom_width=&#8221;off&#8221; width_unit=&#8221;off&#8221; custom_width_px=&#8221;1080px&#8221; custom_width_percent=&#8221;80%&#8221; global_colors_info=&#8221;{}&#8221;][et_pb_row _builder_version=&#8221;4.19.1&#8243; _module_preset=&#8221;default&#8221; custom_margin=&#8221;25px|auto|23px|auto|false|false&#8221; custom_padding=&#8221;0px|||||&#8221; global_colors_info=&#8221;{}&#8221;][et_pb_column type=&#8221;4_4&#8243; _builder_version=&#8221;4.19.1&#8243; _module_preset=&#8221;default&#8221; global_colors_info=&#8221;{}&#8221;][et_pb_text _builder_version=&#8221;4.27.4&#8243; _module_preset=&#8221;default&#8221; text_orientation=&#8221;center&#8221; hover_enabled=&#8221;0&#8243; global_colors_info=&#8221;{}&#8221; sticky_enabled=&#8221;0&#8243;]<\/p>\n<h1>Informationen zur Schulanmeldung 2026<\/h1>\n<p>[\/et_pb_text][et_pb_image src=&#8221;https:\/\/gsro.de\/wp-content\/uploads\/2022\/11\/schulanfanger_ohne.png&#8221; title_text=&#8221;schulanf\u00e4nger_ohne&#8221; align=&#8221;center&#8221; _builder_version=&#8221;4.19.1&#8243; _module_preset=&#8221;default&#8221; box_shadow_style=&#8221;preset2&#8243; box_shadow_color=&#8221;#0C71C3&#8243; global_colors_info=&#8221;{}&#8221;][\/et_pb_image][\/et_pb_column][\/et_pb_row][et_pb_row _builder_version=&#8221;4.16&#8243; global_colors_info=&#8221;{}&#8221;][et_pb_column type=&#8221;4_4&#8243; _builder_version=&#8221;4.16&#8243; global_colors_info=&#8221;{}&#8221;][et_pb_text _builder_version=&#8221;4.27.4&#8243; text_text_color=&#8221;#000000&#8243; global_colors_info=&#8221;{}&#8221;]<\/p>\n<h2>Einschulungstag, Einschulung, Einschulungstermine<\/h2>\n<p>F\u00fcr die Erstkl\u00e4ssler beginnt mit dem Einschulungstag ein neuer Lebensabschnitt, auf den sie stolz sind und sich freuen &#8211; der ihnen wom\u00f6glich aber auch ein wenig Angst macht. Mit der richtigen Unterst\u00fctzung und der richtigen Hilfe durch die Eltern gelingt der Einstieg ins Schulleben leichter.<\/p>\n<p>&nbsp;<\/p>\n<h2>Zeitlicher Ablauf der Einschulung 2026<\/h2>\n<ul>\n<li>02.12.2025 19.30 Uhr <strong>Informationsabend<\/strong> f\u00fcr die Eltern der Schulanf\u00e4nger<\/li>\n<li><strong>Anmeldung<\/strong> zur ersten Klasse zum Schuljahr 2026\/27 :<br \/>Bitte vereinebaren Sie vorab die genaue Uhrzeit im Sekretariat Tel.: 07261- 404 790 oder per Mail <a href=\"mailto:poststelle@gsro.de\">poststelle@gsro.de<\/a><br \/>&#8211; Montag, 09. Februar 2026 von 08.00 &#8211; 11.00 Uhr und<br \/>&#8211; Mittwoch 11. Februar 2026 von 08.00 &#8211; 11.00 Uhr<\/li>\n<li><strong>Ende<\/strong> Juli: <strong>Begr\u00fc\u00dfungsbrief<\/strong> der Klassenlehrkraft<\/li>\n<li>16.09.2026: 19.30 Uhr <strong>1. Klassenpflegschaftssitzung<\/strong>\u00a0 zur Einschulung<\/li>\n<li>19.09.2026: <strong>Tag der Einschulung<\/strong><br \/>&#8211; 10.00 Uhr Einschulung Eingangsklasse Gruppe A<br \/>&#8211; 10:30 Uhr Einschulung Eingangsklasse Gruppe B<\/li>\n<\/ul>\n<h3>Bitte bringen Sie folgende Unterlagen mit:<\/h3>\n<ul>\n<li>Die Geburtsurkunde Ihres Kindes<\/li>\n<li>Den Impfausweis im Original<\/li>\n<li>Den Nachweis \u00fcber die Zur\u00fcckstellung (falls im vergangenen Schuljahr beantragt)<\/li>\n<li>Und bei alleinerziehenden Eltern den Nachweis der Sorgeberechtigung<\/li>\n<\/ul>\n<p>[\/et_pb_text][et_pb_button button_url=&#8221;@ET-DC@eyJkeW5hbWljIjp0cnVlLCJjb250ZW50IjoicG9zdF9saW5rX3VybF9wYWdlIiwic2V0dGluZ3MiOnsicG9zdF9pZCI6IjI5MDgzIn19@&#8221; button_text=&#8221;Formular Anmeldung&#8221; button_alignment=&#8221;center&#8221; _builder_version=&#8221;4.16&#8243; _dynamic_attributes=&#8221;button_url&#8221; _module_preset=&#8221;default&#8221; global_colors_info=&#8221;{}&#8221;][\/et_pb_button][et_pb_button button_url=&#8221;@ET-DC@eyJkeW5hbWljIjp0cnVlLCJjb250ZW50IjoicG9zdF9saW5rX3VybF9wYWdlIiwic2V0dGluZ3MiOnsicG9zdF9pZCI6IjI5ODE0In19@&#8221; button_text=&#8221;Datenschutz&#8221; button_alignment=&#8221;center&#8221; _builder_version=&#8221;4.16&#8243; _dynamic_attributes=&#8221;button_url&#8221; _module_preset=&#8221;default&#8221; global_colors_info=&#8221;{}&#8221;][\/et_pb_button][\/et_pb_column][\/et_pb_row][et_pb_row _builder_version=&#8221;4.16&#8243; _module_preset=&#8221;default&#8221; custom_padding=&#8221;50px||50px||true|&#8221; global_colors_info=&#8221;{}&#8221;][et_pb_column type=&#8221;4_4&#8243; _builder_version=&#8221;4.16&#8243; _module_preset=&#8221;default&#8221; global_colors_info=&#8221;{}&#8221;][et_pb_text _builder_version=&#8221;4.19.1&#8243; _module_preset=&#8221;default&#8221; global_colors_info=&#8221;{}&#8221;]<\/p>\n<h3>An welcher Grundschule m\u00fcssen Sie Ihr Kind anmelden?<\/h3>\n<p>An welcher Grundschule das Kind anzumelden ist, ist abh\u00e4ngig vom Schulbezirk, in dem der Hauptwohnsitz liegt.<\/p>\n<p>Wenn Sie m\u00f6chten, dass Ihr Kind eine andere Schule besucht, k\u00f6nnen Sie einen Schulbezirkswechsel beim <a href=\"http:\/\/www.schulamt-mannheim.de\/,Lde\/Startseite\/Themen+_+Schularten\/Schulbezirkswechsel\">Staatlichen Schulamt<\/a> beantragen.<\/p>\n<p>Dennoch m\u00fcssen Sie Ihr Kind unter Angabe des Wechselwunsches an der zust\u00e4ndigen Grundschule Ihres Schulbezirks anmelden.<\/p>\n<p>[\/et_pb_text][et_pb_button button_url=&#8221;http:\/\/schulamt-mannheim.de\/,Lde\/Startseite\/Themen+_+Schularten\/Schulbezirkswechsel&#8221; button_text=&#8221;Schulbezirkswechsel&#8221; button_alignment=&#8221;center&#8221; _builder_version=&#8221;4.16&#8243; _module_preset=&#8221;default&#8221; global_colors_info=&#8221;{}&#8221;][\/et_pb_button][et_pb_text _builder_version=&#8221;4.23.1&#8243; _module_preset=&#8221;default&#8221; global_colors_info=&#8221;{}&#8221;]<\/p>\n<h3>Wann ist Ihr Kind schulpflichtig?<\/h3>\n<ol>\n<li>Mit dem Beginn des Schuljahres sind alle Kinder, die bis 30. Juni des laufenden Kalen derjahres das sechste Lebensjahr vollendet haben, <strong>verpflichtet<\/strong>, die Grundschule zu besuchen.<\/li>\n<li>Kinder, die zwischen dem 1. Juli und dem 30. September 6 Jahre alt werden, sind sogenannte Kann-Kinder und <strong>k\u00f6nnen <\/strong> von den Erziehungsberechtigten in der Grundschule angemeldet werden.<\/li>\n<\/ol>\n<p>Noch j\u00fcngere Kinder k\u00f6nnen auf Antrag der Eltern zur vorzeitigen Einschulung angemeldet werden. Eine <strong>vorzeitige Einschulung<\/strong> ist dann sinnvoll, wenn die Eltern den Eindruck haben, ihr Kind k\u00f6nnte den Schulalltag schon bew\u00e4ltigen. Erzieher, die Schulleitung der Grundschule und Kooperationslehrkr\u00e4fte stehen f\u00fcr eine Beratung \u00fcber den geeigneten Einschulungszeitpunkt gern zur Verf\u00fcgung. Die vorzeitige Einschulung wird bei der Schulleitung der aufnehmenden Grundschule beantragt, die auch die Entscheidung trifft.<\/p>\n<h3>Ist eine Zur\u00fcckstellung vom Schulbesuch m\u00f6glich?<\/h3>\n<p>Grunds\u00e4tzlich besteht die M\u00f6glichkeit, Ihr Kind noch ein weiteres Jahr vom Schulbesuch zur\u00fcckzustellen. \u00dcber die Zur\u00fcckstellung entscheidet die Schulleitung unter Einbeziehung eines amts\u00e4rztlichen und\/oder eines p\u00e4dagogischen\/psychologischen Gutachtens des Gesundheitsamts.<\/p>\n<p>[\/et_pb_text][et_pb_button button_url=&#8221;@ET-DC@eyJkeW5hbWljIjp0cnVlLCJjb250ZW50IjoicG9zdF9saW5rX3VybF9wYWdlIiwic2V0dGluZ3MiOnsicG9zdF9pZCI6IjI5NTIxIn19@&#8221; button_text=&#8221;Zur\u00fcckstellung und Grundschulf\u00f6rderklasse&#8221; button_alignment=&#8221;center&#8221; _builder_version=&#8221;4.16&#8243; _dynamic_attributes=&#8221;button_url&#8221; _module_preset=&#8221;default&#8221; global_colors_info=&#8221;{}&#8221;][\/et_pb_button][et_pb_text _builder_version=&#8221;4.19.1&#8243; _module_preset=&#8221;default&#8221; global_colors_info=&#8221;{}&#8221;]<\/p>\n<h3>Worauf sollten Eltern von Kinder mit einer Behinderung, Beeintr\u00e4chtigung, Benachteiligung oder chronischen Erkrankung achten?<\/h3>\n<p>Wenn Ihr Kind einen sonderp\u00e4dagogischen F\u00f6rderbedarf oder Bildungsanspruch hat und m\u00f6glicherweise nicht dem Unterricht in einer allgemeinbildenden Schule folgen kann, haben Sie ein Wahlrecht, welche Schulart ihr Kind besuchen soll. Dabei gibt es drei M\u00f6glichkeiten der Beschulung:<\/p>\n<ul>\n<li>Anmeldung an einem Sonderp\u00e4dagogischen Bildungs- und Beratungszentrum (SBBZ)<\/li>\n<li>Entscheidung f\u00fcr ein inklusives Bildungsangebot an einer allgemeinbildenden Schule<\/li>\n<li>Kooperative Organisationsform (fr\u00fcher: Au\u00dfenklasse) an einer allgemeinbildenden Schule<\/li>\n<\/ul>\n<p>F\u00fcr weitere Informationen wenden Sie sich bitte an die <a href=\"http:\/\/schulamt-mannheim.de\/asko\/\">Arbeitsstelle Kooperation<\/a> beim Staatlichen Schulamt Mannheim, Telefon (0621) 292 4133\/ 4134<\/p>\n<p>[\/et_pb_text][\/et_pb_column][\/et_pb_row][\/et_pb_section]<\/p>\n","protected":false},"excerpt":{"rendered":"<p>Informationen zur Schulanmeldung 2026Einschulungstag, Einschulung, Einschulungstermine F\u00fcr die Erstkl\u00e4ssler beginnt mit dem Einschulungstag ein neuer Lebensabschnitt, auf den sie stolz sind und sich freuen &#8211; der ihnen wom\u00f6glich aber auch ein wenig Angst macht. Mit der richtigen Unterst\u00fctzung und der richtigen Hilfe durch die Eltern gelingt der Einstieg ins Schulleben leichter. &nbsp; Zeitlicher Ablauf der [&hellip;]<\/p>\n","protected":false},"author":2,"featured_media":0,"parent":0,"menu_order":0,"comment_status":"closed","ping_status":"closed","template":"","meta":{"_et_pb_use_builder":"on","_et_pb_old_content":"","_et_gb_content_width":"","footnotes":""},"class_list":["post-29068","page","type-page","status-publish","hentry"],"_links":{"self":[{"href":"https:\/\/gsro.de\/index.php\/wp-json\/wp\/v2\/pages\/29068","targetHints":{"allow":["GET"]}}],"collection":[{"href":"https:\/\/gsro.de\/index.php\/wp-json\/wp\/v2\/pages"}],"about":[{"href":"https:\/\/gsro.de\/index.php\/wp-json\/wp\/v2\/types\/page"}],"author":[{"embeddable":true,"href":"https:\/\/gsro.de\/index.php\/wp-json\/wp\/v2\/users\/2"}],"replies":[{"embeddable":true,"href":"https:\/\/gsro.de\/index.php\/wp-json\/wp\/v2\/comments?post=29068"}],"version-history":[{"count":52,"href":"https:\/\/gsro.de\/index.php\/wp-json\/wp\/v2\/pages\/29068\/revisions"}],"predecessor-version":[{"id":30767,"href":"https:\/\/gsro.de\/index.php\/wp-json\/wp\/v2\/pages\/29068\/revisions\/30767"}],"wp:attachment":[{"href":"https:\/\/gsro.de\/index.php\/wp-json\/wp\/v2\/media?parent=29068"}],"curies":[{"name":"wp","href":"https:\/\/api.w.org\/{rel}","templated":true}]}}