{"id":29945,"date":"2022-10-10T10:54:54","date_gmt":"2022-10-10T08:54:54","guid":{"rendered":"https:\/\/gsro.de\/?page_id=29945"},"modified":"2022-10-10T11:15:35","modified_gmt":"2022-10-10T09:15:35","slug":"29945-2","status":"publish","type":"page","link":"https:\/\/gsro.de\/index.php\/29945-2\/","title":{"rendered":"Anton"},"content":{"rendered":"<p>[et_pb_section fb_built=&#8221;1&#8243; fullwidth=&#8221;on&#8221; _builder_version=&#8221;4.16&#8243; background_color=&#8221;#2ea3f2&#8243; use_background_color_gradient=&#8221;on&#8221; background_color_gradient_direction=&#8221;330deg&#8221; background_color_gradient_stops=&#8221;#2ea3f2 0%|#2e6df4 100%&#8221; background_color_gradient_start=&#8221;#2ea3f2&#8243; background_color_gradient_end=&#8221;#2e6df4&#8243; global_colors_info=&#8221;{}&#8221;][et_pb_fullwidth_header title=&#8221;Anton&#8221; subhead=&#8221;Online-Plattform (App und Browser &#8211; https:\/\/anton.app\/de\/) mit \u00dcbungen&#8221; _builder_version=&#8221;4.16&#8243; title_font=&#8221;||||||||&#8221; background_color=&#8221;rgba(255, 255, 255, 0)&#8221; global_colors_info=&#8221;{}&#8221; button_one_text_size__hover_enabled=&#8221;off&#8221; button_two_text_size__hover_enabled=&#8221;off&#8221; button_one_text_color__hover_enabled=&#8221;off&#8221; button_two_text_color__hover_enabled=&#8221;off&#8221; button_one_border_width__hover_enabled=&#8221;off&#8221; button_two_border_width__hover_enabled=&#8221;off&#8221; button_one_border_color__hover_enabled=&#8221;off&#8221; button_two_border_color__hover_enabled=&#8221;off&#8221; button_one_border_radius__hover_enabled=&#8221;off&#8221; button_two_border_radius__hover_enabled=&#8221;off&#8221; button_one_letter_spacing__hover_enabled=&#8221;off&#8221; button_two_letter_spacing__hover_enabled=&#8221;off&#8221; button_one_bg_color__hover_enabled=&#8221;off&#8221; button_two_bg_color__hover_enabled=&#8221;off&#8221;][\/et_pb_fullwidth_header][\/et_pb_section][et_pb_section fb_built=&#8221;1&#8243; _builder_version=&#8221;4.16&#8243; global_colors_info=&#8221;{}&#8221;][et_pb_row _builder_version=&#8221;4.16&#8243; background_size=&#8221;initial&#8221; background_position=&#8221;top_left&#8221; background_repeat=&#8221;repeat&#8221; min_height=&#8221;320.3px&#8221; global_colors_info=&#8221;{}&#8221;][et_pb_column type=&#8221;4_4&#8243; _builder_version=&#8221;4.16&#8243; custom_padding=&#8221;|||&#8221; global_colors_info=&#8221;{}&#8221; custom_padding__hover=&#8221;|||&#8221;][et_pb_text _builder_version=&#8221;4.18.0&#8243; background_size=&#8221;initial&#8221; background_position=&#8221;top_left&#8221; background_repeat=&#8221;repeat&#8221; global_colors_info=&#8221;{}&#8221;]<\/p>\n<h2>Liebe Eltern,<\/h2>\n<p><span style=\"left: 94.6667px; top: 121.191px; font-size: 16.6667px; font-family: sans-serif; transform: scaleX(0.998753);\" role=\"presentation\" dir=\"ltr\">Anton ist eine Online-Plattform (App und Browser &#8211;<\/span><span style=\"left: 468.417px; top: 121.191px; font-size: 16.6667px; font-family: sans-serif;\" role=\"presentation\" dir=\"ltr\"> <\/span><span style=\"left: 473.5px; top: 121.191px; font-size: 16.6667px; font-family: sans-serif; transform: scaleX(0.997478);\" role=\"presentation\" dir=\"ltr\"><a href=\"https:\/\/anton.app\/de\/\">https:\/\/anton.app\/de\/<\/a><\/span><span style=\"left: 625.333px; top: 121.191px; font-size: 16.6667px; font-family: sans-serif; transform: scaleX(0.998322);\" role=\"presentation\" dir=\"ltr\">) mit \u00dcbungen in Mathe, Deutsch, <\/span><span style=\"left: 94.6667px; top: 140.358px; font-size: 16.6667px; font-family: sans-serif; transform: scaleX(0.998695);\" role=\"presentation\" dir=\"ltr\">Sachunterricht und Musik. <\/span><\/p>\n<p><span style=\"left: 94.6667px; top: 140.358px; font-size: 16.6667px; font-family: sans-serif; transform: scaleX(0.998695);\" role=\"presentation\" dir=\"ltr\">Wir nutzen Anton im Rahmen der individuellen F\u00f6rderung an unserer Schule.<\/span><\/p>\n<p><span style=\"left: 94.6667px; top: 176.191px; font-size: 16.6667px; font-family: sans-serif; transform: scaleX(0.998454);\" role=\"presentation\" dir=\"ltr\">Zur Nutzung braucht jedes Kind ein pers\u00f6nliches Konto. In Anton werden dann die bearbeiteten \u00dcbungen <\/span><span style=\"left: 94.6667px; top: 195.358px; font-size: 16.6667px; font-family: sans-serif; transform: scaleX(0.998616);\" role=\"presentation\" dir=\"ltr\">und Lernerfolge festgehalten. <\/span><span style=\"left: 94.6667px; top: 231.191px; font-size: 16.6667px; font-family: sans-serif; transform: scaleX(0.998311);\" role=\"presentation\" dir=\"ltr\">Im Klassenkonto kann die Lehrkraft Ihres Kindes sehen, welche \u00dcbungen Ihr Kind bearbeitet hat und mit <\/span><span style=\"left: 94.6667px; top: 250.358px; font-size: 16.6667px; font-family: sans-serif; transform: scaleX(0.998563);\" role=\"presentation\" dir=\"ltr\">welchem Erfolg. Bei Bedarf kann sie Ihrem Kind weitere passende \u00dcbungen zuweisen und Feedback geben. <\/span><span style=\"left: 94.6667px; top: 269.524px; font-size: 16.6667px; font-family: sans-serif; transform: scaleX(0.998399);\" role=\"presentation\" dir=\"ltr\">Auch Sie k\u00f6nnen mit Ihrem Kind sehen, wo es steht, wenn Sie sich gemeinsam einloggen.<\/span><\/p>\n<p><span style=\"left: 94.6667px; top: 305.358px; font-size: 16.6667px; font-family: sans-serif; transform: scaleX(0.998478);\" role=\"presentation\" dir=\"ltr\">F\u00fcr die Nutzung von Anton ist es erforderlich, f\u00fcr jedes Kind ein passwortgesch\u00fctztes Nutzerkonto <\/span><span style=\"left: 94.6667px; top: 324.524px; font-size: 16.6667px; font-family: sans-serif; transform: scaleX(0.999681);\" role=\"presentation\" dir=\"ltr\">einzurichten. Daf\u00fcr geben wir den Vornamen, Spitznamen oder den vollst\u00e4ndigen Namen Ihres Kindes an. <\/span><span style=\"left: 94.6667px; top: 343.691px; font-size: 16.6667px; font-family: sans-serif; transform: scaleX(0.998499);\" role=\"presentation\" dir=\"ltr\">Es erleichtert unsere Arbeit, den vollst\u00e4ndigen Namen des Kindes zu verwenden. Sie haben jedoch auch die <\/span><span style=\"left: 94.6667px; top: 362.858px; font-size: 16.6667px; font-family: sans-serif; transform: scaleX(1.0008);\" role=\"presentation\" dir=\"ltr\">Wahl, einen Fantasienamen zu w\u00e4hlen.<\/span><\/p>\n<p><span style=\"left: 94.6667px; top: 362.858px; font-size: 16.6667px; font-family: sans-serif; transform: scaleX(1.0008);\" role=\"presentation\" dir=\"ltr\">Hierzu m\u00f6chten wir im Folgenden Ihre Einwilligung einholen.<\/span><\/p>\n<p>[\/et_pb_text][\/et_pb_column][\/et_pb_row][et_pb_row column_structure=&#8221;1_2,1_2&#8243; _builder_version=&#8221;4.16&#8243; background_size=&#8221;initial&#8221; background_position=&#8221;top_left&#8221; background_repeat=&#8221;repeat&#8221; global_colors_info=&#8221;{}&#8221;][et_pb_column type=&#8221;1_2&#8243; _builder_version=&#8221;4.16&#8243; custom_padding=&#8221;|||&#8221; global_colors_info=&#8221;{}&#8221; custom_padding__hover=&#8221;|||&#8221;][et_pb_button button_url=&#8221;https:\/\/gsro.de\/index.php\/einwilligungserklarung-anton\/&#8221; url_new_window=&#8221;on&#8221; button_text=&#8221;Einwilligungserkl\u00e4rung Anton&#8221; button_alignment=&#8221;center&#8221; _builder_version=&#8221;4.18.0&#8243; _module_preset=&#8221;default&#8221; global_colors_info=&#8221;{}&#8221;][\/et_pb_button][\/et_pb_column][et_pb_column type=&#8221;1_2&#8243; _builder_version=&#8221;4.16&#8243; custom_padding=&#8221;|||&#8221; global_colors_info=&#8221;{}&#8221; custom_padding__hover=&#8221;|||&#8221;][\/et_pb_column][\/et_pb_row][\/et_pb_section]<\/p>\n","protected":false},"excerpt":{"rendered":"<p>Liebe Eltern, Anton ist eine Online-Plattform (App und Browser &#8211; https:\/\/anton.app\/de\/) mit \u00dcbungen in Mathe, Deutsch, Sachunterricht und Musik. Wir nutzen Anton im Rahmen der individuellen F\u00f6rderung an unserer Schule. Zur Nutzung braucht jedes Kind ein pers\u00f6nliches Konto. In Anton werden dann die bearbeiteten \u00dcbungen und Lernerfolge festgehalten. Im Klassenkonto kann die Lehrkraft Ihres Kindes [&hellip;]<\/p>\n","protected":false},"author":2,"featured_media":0,"parent":0,"menu_order":0,"comment_status":"closed","ping_status":"closed","template":"","meta":{"_et_pb_use_builder":"on","_et_pb_old_content":"","_et_gb_content_width":"","footnotes":""},"class_list":["post-29945","page","type-page","status-publish","hentry"],"_links":{"self":[{"href":"https:\/\/gsro.de\/index.php\/wp-json\/wp\/v2\/pages\/29945","targetHints":{"allow":["GET"]}}],"collection":[{"href":"https:\/\/gsro.de\/index.php\/wp-json\/wp\/v2\/pages"}],"about":[{"href":"https:\/\/gsro.de\/index.php\/wp-json\/wp\/v2\/types\/page"}],"author":[{"embeddable":true,"href":"https:\/\/gsro.de\/index.php\/wp-json\/wp\/v2\/users\/2"}],"replies":[{"embeddable":true,"href":"https:\/\/gsro.de\/index.php\/wp-json\/wp\/v2\/comments?post=29945"}],"version-history":[{"count":5,"href":"https:\/\/gsro.de\/index.php\/wp-json\/wp\/v2\/pages\/29945\/revisions"}],"predecessor-version":[{"id":29969,"href":"https:\/\/gsro.de\/index.php\/wp-json\/wp\/v2\/pages\/29945\/revisions\/29969"}],"wp:attachment":[{"href":"https:\/\/gsro.de\/index.php\/wp-json\/wp\/v2\/media?parent=29945"}],"curies":[{"name":"wp","href":"https:\/\/api.w.org\/{rel}","templated":true}]}}