{"id":30216,"date":"2023-03-10T09:06:48","date_gmt":"2023-03-10T08:06:48","guid":{"rendered":"https:\/\/gsro.de\/?page_id=30216"},"modified":"2023-03-10T09:13:54","modified_gmt":"2023-03-10T08:13:54","slug":"kopflause","status":"publish","type":"page","link":"https:\/\/gsro.de\/index.php\/kopflause\/","title":{"rendered":"Kopfl\u00e4use"},"content":{"rendered":"<p>[et_pb_section fb_built=&#8221;1&#8243; _builder_version=&#8221;4.19.1&#8243; _module_preset=&#8221;default&#8221; global_colors_info=&#8221;{}&#8221;][et_pb_row _builder_version=&#8221;4.19.1&#8243; _module_preset=&#8221;default&#8221; global_colors_info=&#8221;{}&#8221;][et_pb_column type=&#8221;4_4&#8243; _builder_version=&#8221;4.19.1&#8243; _module_preset=&#8221;default&#8221; global_colors_info=&#8221;{}&#8221;][et_pb_image src=&#8221;https:\/\/gsro.de\/wp-content\/uploads\/2021\/01\/day_care_img_10-150&#215;150.jpg&#8221; title_text=&#8221;day_care_img_10&#8243; align=&#8221;center&#8221; _builder_version=&#8221;4.20.2&#8243; _module_preset=&#8221;default&#8221; animation_style=&#8221;fade&#8221; global_colors_info=&#8221;{}&#8221;][\/et_pb_image][\/et_pb_column][\/et_pb_row][et_pb_row _builder_version=&#8221;4.19.1&#8243; _module_preset=&#8221;default&#8221; custom_padding=&#8221;45px|||||&#8221; global_colors_info=&#8221;{}&#8221;][et_pb_column type=&#8221;4_4&#8243; _builder_version=&#8221;4.19.1&#8243; _module_preset=&#8221;default&#8221; global_colors_info=&#8221;{}&#8221;][et_pb_text _builder_version=&#8221;4.20.2&#8243; _module_preset=&#8221;default&#8221; hover_enabled=&#8221;0&#8243; global_colors_info=&#8221;{}&#8221; sticky_enabled=&#8221;0&#8243;]<\/p>\n<h1>Kopfl\u00e4use<\/h1>\n<p>Liebe Eltern,<\/p>\n<p>hat ein Kind Kopfl\u00e4use, m\u00fcssen Erziehungsberechtigte die Gemeinschaftseinrichtung (Schule\/Kindergarten) informieren. Bei jedem Kopflausbefall besteht nach dem Infektionsschutzgesetz (\u00a7 34 IFSG) Meldepflicht durch die Gemeinschaftseinrichtung.<\/p>\n<p>Um eine weitere Verbreitung zu verhindern, sind alle Eltern zur Mitwirkung aufgefordert. Weitere Hinweise finden Sie im unten verlinkten Elternbrief.<\/p>\n<p>Alle Eltern in der betroffenen Klasse m\u00fcssen der Schule umgehend schriftlich best\u00e4tigen, dass sie eine Untersuchung ihres Kindes auf Kopflausbefall durchgef\u00fchrt haben und dass ihr Kind frei von Kopfl\u00e4usen und Larven ist &#8211; <strong>ohne diese Best\u00e4tigung kann das Kind die Schule nicht besuchen.<\/strong><\/p>\n<p><a href=\"https:\/\/www.rhein-neckar-kreis.de\/site\/Rhein-Neckar-Kreis-2016\/node\/1880285?QUERYSTRING=kopfl%C3%A4use\">https:\/\/www.rhein-neckar-kreis.de\/site\/Rhein-Neckar-Kreis-2016\/node\/1880285?QUERYSTRING=kopfl%C3%A4use<\/a><\/p>\n<p><strong>Beratung bei Kopflausbefall von Eltern, Gemeinschaftseinrichtungen f\u00fcr Kinder und Jugendliche:<\/strong><\/p>\n<p>Gesundheitsamt Rhein-Neckar-Kreis<\/p>\n<p>Kurf\u00fcrsten-Anlage 38-40<\/p>\n<p>69115 Heidelberg<\/p>\n<p>Sozialmedizinische Assistentinnen, \u00c4rztinnen und \u00c4rzte,<\/p>\n<p>Tel. 06221 522-1829 (Sekretariat)<\/p>\n<p>[\/et_pb_text][\/et_pb_column][\/et_pb_row][\/et_pb_section]<\/p>\n","protected":false},"excerpt":{"rendered":"<p>Kopfl\u00e4use Liebe Eltern, hat ein Kind Kopfl\u00e4use, m\u00fcssen Erziehungsberechtigte die Gemeinschaftseinrichtung (Schule\/Kindergarten) informieren. Bei jedem Kopflausbefall besteht nach dem Infektionsschutzgesetz (\u00a7 34 IFSG) Meldepflicht durch die Gemeinschaftseinrichtung. Um eine weitere Verbreitung zu verhindern, sind alle Eltern zur Mitwirkung aufgefordert. Weitere Hinweise finden Sie im unten verlinkten Elternbrief. Alle Eltern in der betroffenen Klasse m\u00fcssen der [&hellip;]<\/p>\n","protected":false},"author":2,"featured_media":0,"parent":0,"menu_order":0,"comment_status":"closed","ping_status":"closed","template":"","meta":{"_et_pb_use_builder":"on","_et_pb_old_content":"","_et_gb_content_width":"","footnotes":""},"class_list":["post-30216","page","type-page","status-publish","hentry"],"_links":{"self":[{"href":"https:\/\/gsro.de\/index.php\/wp-json\/wp\/v2\/pages\/30216","targetHints":{"allow":["GET"]}}],"collection":[{"href":"https:\/\/gsro.de\/index.php\/wp-json\/wp\/v2\/pages"}],"about":[{"href":"https:\/\/gsro.de\/index.php\/wp-json\/wp\/v2\/types\/page"}],"author":[{"embeddable":true,"href":"https:\/\/gsro.de\/index.php\/wp-json\/wp\/v2\/users\/2"}],"replies":[{"embeddable":true,"href":"https:\/\/gsro.de\/index.php\/wp-json\/wp\/v2\/comments?post=30216"}],"version-history":[{"count":3,"href":"https:\/\/gsro.de\/index.php\/wp-json\/wp\/v2\/pages\/30216\/revisions"}],"predecessor-version":[{"id":30224,"href":"https:\/\/gsro.de\/index.php\/wp-json\/wp\/v2\/pages\/30216\/revisions\/30224"}],"wp:attachment":[{"href":"https:\/\/gsro.de\/index.php\/wp-json\/wp\/v2\/media?parent=30216"}],"curies":[{"name":"wp","href":"https:\/\/api.w.org\/{rel}","templated":true}]}}