{"id":30245,"date":"2023-06-20T12:23:34","date_gmt":"2023-06-20T10:23:34","guid":{"rendered":"https:\/\/gsro.de\/?page_id=30245"},"modified":"2023-06-20T12:28:29","modified_gmt":"2023-06-20T10:28:29","slug":"zirkuswoche-2023","status":"publish","type":"page","link":"https:\/\/gsro.de\/index.php\/zirkuswoche-2023\/","title":{"rendered":"Zirkuswoche 2023"},"content":{"rendered":"<p>[et_pb_section fb_built=&#8221;1&#8243; _builder_version=&#8221;4.19.0&#8243; _module_preset=&#8221;default&#8221; global_colors_info=&#8221;{}&#8221;][et_pb_row _builder_version=&#8221;4.19.0&#8243; _module_preset=&#8221;default&#8221; global_colors_info=&#8221;{}&#8221;][et_pb_column type=&#8221;4_4&#8243; _builder_version=&#8221;4.19.0&#8243; _module_preset=&#8221;default&#8221; global_colors_info=&#8221;{}&#8221;][et_pb_text _builder_version=&#8221;4.21.0&#8243; _module_preset=&#8221;default&#8221; background_enable_color=&#8221;off&#8221; background_enable_image=&#8221;off&#8221; parallax=&#8221;on&#8221; hover_enabled=&#8221;0&#8243; global_colors_info=&#8221;{}&#8221; sticky_enabled=&#8221;0&#8243;]<\/p>\n<h1>Zirkuswoche 2023<\/h1>\n<h2>Circus Baldini verabschiedet sich mit zwei beeindruckenden Zirkusvorstellungen aus Rohrbach<\/h2>\n<p>Am Freitag, den 16.06.2023, begeisterte der Circus Baldini mit zwei fulminanten Zirkusveranstaltungen das Publikum in Rohrbach. Bereits zum dritten Mal gastierte der Zirkus an der Grundschule Rohrbach, wo 180 talentierte junge Artistinnen und Artisten ihr K\u00f6nnen in zwei eindrucksvollen Vorf\u00fchrungen pr\u00e4sentierten.<\/p>\n<p>Unterst\u00fctzt wurden sie dabei von bis zu sechs erfahrenen Profiartisten des Circus Baldini, angef\u00fchrt von Tino Kr\u00e4mer und seinen Assistenten Leslie, Tracy, Kelly, Antonio und Loredana. Gemeinsam bereiteten sie die Kinder mit gro\u00dfer Freude auf die spektakul\u00e4re Zirkusshow am Ende der Woche vor.<\/p>\n<p>Das Hauptziel bestand darin, die Kinder in die faszinierende Welt des Zirkus einzuf\u00fchren und ihnen die M\u00f6glichkeit zu geben, selbstbewusst vor Publikum aufzutreten. Das Repertoire der jungen K\u00fcnstler war vielf\u00e4ltig: In der Zirkusvorstellung wurden verschiedene \u00dcbungen, Balancierakte auf dem Drahtseil, Jonglage mit B\u00e4llen und Ringen sowie eine Clown-Nummer pr\u00e4sentiert. Die Kinder und Jugendlichen zeigten au\u00dferdem ihr Talent auf dem Trampolin, in der Akrobatik und kr\u00f6nten ihre Darbietungen mit beeindruckenden Trapeznummern. Sogar das Lehrerkollegium trat mit einer einstudierten Feuer-Nummer auf.<\/p>\n<p>Der Applaus bei jeder Vorstellung war \u00fcberw\u00e4ltigend und die leuchtenden Augen der M\u00e4dchen und Jungen zeugten von ihrer Begeisterung und Freude.<\/p>\n<p>Rektor Bj\u00f6rn Wingerter lobte am Ende der Vorf\u00fchrung alle Kinder f\u00fcr ihre beeindruckenden Leistungen und bedankte sich herzlich bei den Sponsoren und engagierten Helfern, die ein Projekt dieser Gr\u00f6\u00dfenordnung erst erm\u00f6glichten.<\/p>\n<p>Die Aussicht auf ein Wiedersehen und eine vierte Zirkuswoche an der Grundschule Rohrbach l\u00f6ste erneut Begeisterung bei allen aus.<\/p>\n<p>Die Anerkennung und Wertsch\u00e4tzung f\u00fcr das Zirkusprojekt zeigte sich auch im Anschluss, als zahlreiche Zuschauer, das Lehrerkollegium und einige Sch\u00fcler gemeinsam mit dem Zirkusteam das gro\u00dfe Zirkuszelt z\u00fcgig abbauten.<\/p>\n<p>[\/et_pb_text][\/et_pb_column][\/et_pb_row][et_pb_row _builder_version=&#8221;4.19.0&#8243; _module_preset=&#8221;default&#8221; global_colors_info=&#8221;{}&#8221;][et_pb_column type=&#8221;4_4&#8243; _builder_version=&#8221;4.19.0&#8243; _module_preset=&#8221;default&#8221; global_colors_info=&#8221;{}&#8221;][et_pb_gallery gallery_ids=&#8221;30248,30249,30250,30251,30252,30253,30254,30255,30256&#8243; fullwidth=&#8221;on&#8221; _builder_version=&#8221;4.21.0&#8243; _module_preset=&#8221;default&#8221; background_color=&#8221;RGBA(255,255,255,0)&#8221; global_colors_info=&#8221;{}&#8221;][\/et_pb_gallery][\/et_pb_column][\/et_pb_row][\/et_pb_section]<\/p>\n","protected":false},"excerpt":{"rendered":"<p>Zirkuswoche 2023 Circus Baldini verabschiedet sich mit zwei beeindruckenden Zirkusvorstellungen aus Rohrbach Am Freitag, den 16.06.2023, begeisterte der Circus Baldini mit zwei fulminanten Zirkusveranstaltungen das Publikum in Rohrbach. Bereits zum dritten Mal gastierte der Zirkus an der Grundschule Rohrbach, wo 180 talentierte junge Artistinnen und Artisten ihr K\u00f6nnen in zwei eindrucksvollen Vorf\u00fchrungen pr\u00e4sentierten. Unterst\u00fctzt wurden [&hellip;]<\/p>\n","protected":false},"author":2,"featured_media":0,"parent":0,"menu_order":0,"comment_status":"closed","ping_status":"closed","template":"","meta":{"_et_pb_use_builder":"on","_et_pb_old_content":"","_et_gb_content_width":"","footnotes":""},"class_list":["post-30245","page","type-page","status-publish","hentry"],"_links":{"self":[{"href":"https:\/\/gsro.de\/index.php\/wp-json\/wp\/v2\/pages\/30245","targetHints":{"allow":["GET"]}}],"collection":[{"href":"https:\/\/gsro.de\/index.php\/wp-json\/wp\/v2\/pages"}],"about":[{"href":"https:\/\/gsro.de\/index.php\/wp-json\/wp\/v2\/types\/page"}],"author":[{"embeddable":true,"href":"https:\/\/gsro.de\/index.php\/wp-json\/wp\/v2\/users\/2"}],"replies":[{"embeddable":true,"href":"https:\/\/gsro.de\/index.php\/wp-json\/wp\/v2\/comments?post=30245"}],"version-history":[{"count":4,"href":"https:\/\/gsro.de\/index.php\/wp-json\/wp\/v2\/pages\/30245\/revisions"}],"predecessor-version":[{"id":30260,"href":"https:\/\/gsro.de\/index.php\/wp-json\/wp\/v2\/pages\/30245\/revisions\/30260"}],"wp:attachment":[{"href":"https:\/\/gsro.de\/index.php\/wp-json\/wp\/v2\/media?parent=30245"}],"curies":[{"name":"wp","href":"https:\/\/api.w.org\/{rel}","templated":true}]}}