{"id":30615,"date":"2024-10-25T08:02:44","date_gmt":"2024-10-25T06:02:44","guid":{"rendered":"https:\/\/gsro.de\/?page_id=30615"},"modified":"2024-10-25T08:02:45","modified_gmt":"2024-10-25T06:02:45","slug":"beurlaubung","status":"publish","type":"page","link":"https:\/\/gsro.de\/index.php\/beurlaubung\/","title":{"rendered":"Beurlaubung"},"content":{"rendered":"<p>[et_pb_section fb_built=&#8221;1&#8243; admin_label=&#8221;section&#8221; _builder_version=&#8221;4.16&#8243; global_colors_info=&#8221;{}&#8221; theme_builder_area=&#8221;post_content&#8221;][et_pb_row _builder_version=&#8221;4.27.0&#8243; _module_preset=&#8221;default&#8221; global_colors_info=&#8221;{}&#8221; theme_builder_area=&#8221;post_content&#8221;][et_pb_column type=&#8221;4_4&#8243; _builder_version=&#8221;4.27.0&#8243; _module_preset=&#8221;default&#8221; global_colors_info=&#8221;{}&#8221; theme_builder_area=&#8221;post_content&#8221;][et_pb_cta title=&#8221;Download Beurlaubung&#8221; button_url=&#8221;https:\/\/cloudfiles.gs-rohrbach.de\/index.php\/s\/ZFsocLD5gKYmQAX&#8221; button_text=&#8221;Click Here&#8221; _builder_version=&#8221;4.27.2&#8243; _module_preset=&#8221;default&#8221; hover_enabled=&#8221;0&#8243; global_colors_info=&#8221;{}&#8221; theme_builder_area=&#8221;post_content&#8221; sticky_enabled=&#8221;0&#8243;]<\/p>\n<p><strong>Hinweise zur Teilnahmepflicht am Unterricht,\u00a0Ferienverl\u00e4ngerungen und Beurlaubung <\/strong><\/p>\n<p>[\/et_pb_cta][et_pb_text _builder_version=&#8221;4.27.2&#8243; _module_preset=&#8221;default&#8221; hover_enabled=&#8221;0&#8243; global_colors_info=&#8221;{}&#8221; theme_builder_area=&#8221;post_content&#8221; sticky_enabled=&#8221;0&#8243;]<\/p>\n<h4><strong>Hinweise zur Teilnahmepflicht am Unterricht, Ferienverl\u00e4ngerungen und Beurlaubung (Unterrichtsbefreiung)<\/strong><\/h4>\n<p><strong>Ferienverl\u00e4ngerungen<\/strong><\/p>\n<p>Eine Verl\u00e4ngerung der Ferien, die direkt vor Beginn und direkt im Anschluss an die Ferien beantragt wird, darf von der Schulleitung und den Klassenlehrern prinzipiell aufgrund eindeutiger gesetzlicher Regelungen und Vorgaben nicht genehmigt werden. Werden Ferien eigenm\u00e4chtig durch die Eltern verl\u00e4ngert, ensteht eine Ordnungswidrigkeit, die mit einem Bu\u00dfgeldverfahren einhergeht.<\/p>\n<p style=\"padding-left: 40px;\"><em>Amtliche Mitteilung (Quelle: Infodienst Schule 97)<\/em><\/p>\n<p style=\"padding-left: 40px;\"><em>Schulbesuchspflicht<\/em><br \/><em>Abwewsenheit von Sch\u00fclerinnen und Sch\u00fclern vor und nach Fereinabschnitten<\/em><\/p>\n<p style=\"padding-left: 40px;\"><em>Das Kultusministerium nimmt die mediale Berichterstattung zu den Verletzungen der Schulbesuchspflicht rund um die vergangenen Pfingstferien durch bayerische Sch\u00fclerinnen und Sch\u00fcler zum Anlass, um auf die Rechtslage in Baden-W\u00fcrttemberg hinzuweisen.<\/em><\/p>\n<p style=\"padding-left: 40px;\"><em>Gem\u00e4\u00df \u00a7 72 Abs. 3 S. 1 Schulgesetz f\u00fcr Baden-W\u00fcrttemberg erstreckt sich die Schulpflicht auf den regelm\u00e4\u00dfigen Besuch des Unterrichts und der \u00fcbrigen verbindlichen Veranstaltungen der Schule. Eine Beurlaubung vom Schulbesuch zur Verl\u00e4ngerung der Ferienzeiten ist nicht vorgesehen. Der Wunsch, l\u00e4ngere Ferien oder g\u00fcnstigere Reisezeiten in Anspruch zu nehmen, ist kein \u201ewichtiger pers\u00f6nlicher Grund\u201c, der nach \u00a7 4 Abs. 3 Nr. 9 Schulbesuchsverordnung eine Beurlaubung erm\u00f6glicht. Entsprechende Antr\u00e4ge sind deshalb abschl\u00e4gig zu bescheiden.<\/em><\/p>\n<p style=\"padding-left: 40px;\"><em>Werden die Sch\u00fclerinnen und Sch\u00fcler f\u00fcr einen solchen Zeitraum beispielsweise wegen Krankheit entschuldigt und erscheint das tats\u00e4chliche Vorliegen eines solchen Entschuldigungsgrundes zweifelhaft, kann unter den Voraussetzungen des \u00a7 2 Schulbesuchsverordnung die Vorlage eines \u00e4rztlichen oder gar amts\u00e4rztlichen Zeugnisses verlangt werden.<\/em><\/p>\n<p><strong>Beurlaubung<\/strong><\/p>\n<p>Die Entscheidung \u00fcber Beurlaubungen von bis zu zwei Tagen aus besonderen, nachvollziehbar begr\u00fcndeten Einzelf\u00e4llen oder besonderen Ereignissen (z. B. Teilnahme an \u00fcberregionalen Sportveranstaltungen, kirchlichen Feiertagen, Preisverleihungen, Todesf\u00e4llen, Umz\u00fcgen etc.) obliegt der Klassenleitung. Hierf\u00fcr ist ein schriftlicher Antrag erforderlich, der \u00fcber die Klassenlehrkraft erh\u00e4ltlich ist und eine Begr\u00fcndung enthalten muss.<br \/>F\u00fcr Beurlaubungen ab drei Tagen ist die Schulleitung zust\u00e4ndig. Auch hier ist der schriftliche Antrag mit Begr\u00fcndung notwendig. Es gibt nur wenige gesetzliche Ausnahmen, die eine l\u00e4ngere Beurlaubung oder einen Auslandsaufenthalt w\u00e4hrend der Schulzeit rechtfertigen, wie z. B. die Eheschlie\u00dfung von Geschwistern, Hochzeitsjubil\u00e4en der Erziehungsberechtigten, Todesf\u00e4lle in der Familie, ein dringend notwendiger Kuraufenthalt der Eltern, Wohnungswechsel oder die schwere Erkrankung von Familienmitgliedern, die zur Hausgemeinschaft geh\u00f6ren, sofern die Anwesenheit des Sch\u00fclers zur Pflege erforderlich ist.<\/p>\n<p>Eine Beurlaubung bzw. Befreiung vom Unterricht aufgrund von zus\u00e4tzlichen Urlaubs- oder Freizeitaufenthalten, Sprachreisen oder allgemein famili\u00e4ren, jahreszeitlichen, arbeitstechnischen, kulturellen oder terminlichen Gr\u00fcnden kann grunds\u00e4tzlich nicht genehmigt werden. Dies steht im Einklang mit der Schulbesuchspflicht.<\/p>\n<p>Die Schulleitung ist verpflichtet, die geltenden schulgesetzlichen Bestimmungen bei der Pr\u00fcfung eines Antrags zu ber\u00fccksichtigen und kann diese nicht au\u00dfer Kraft setzen. Daher ist sie in ihrer Entscheidung nicht v\u00f6llig frei.<br \/>Bei genehmigten Beurlaubungen ist mit der Klassenleitung abzusprechen, welche Unterrichtsinhalte der\/die Sch\u00fcler\/-in w\u00e4hrend der Abwesenheit nacharbeiten muss.<\/p>\n<p>[\/et_pb_text][\/et_pb_column][\/et_pb_row][\/et_pb_section]<\/p>\n","protected":false},"excerpt":{"rendered":"<p>Hinweise zur Teilnahmepflicht am Unterricht,\u00a0Ferienverl\u00e4ngerungen und Beurlaubung Hinweise zur Teilnahmepflicht am Unterricht, Ferienverl\u00e4ngerungen und Beurlaubung (Unterrichtsbefreiung) Ferienverl\u00e4ngerungen Eine Verl\u00e4ngerung der Ferien, die direkt vor Beginn und direkt im Anschluss an die Ferien beantragt wird, darf von der Schulleitung und den Klassenlehrern prinzipiell aufgrund eindeutiger gesetzlicher Regelungen und Vorgaben nicht genehmigt werden. Werden Ferien eigenm\u00e4chtig durch [&hellip;]<\/p>\n","protected":false},"author":2,"featured_media":0,"parent":0,"menu_order":0,"comment_status":"closed","ping_status":"closed","template":"","meta":{"_et_pb_use_builder":"on","_et_pb_old_content":"","_et_gb_content_width":"","footnotes":""},"class_list":["post-30615","page","type-page","status-publish","hentry"],"_links":{"self":[{"href":"https:\/\/gsro.de\/index.php\/wp-json\/wp\/v2\/pages\/30615","targetHints":{"allow":["GET"]}}],"collection":[{"href":"https:\/\/gsro.de\/index.php\/wp-json\/wp\/v2\/pages"}],"about":[{"href":"https:\/\/gsro.de\/index.php\/wp-json\/wp\/v2\/types\/page"}],"author":[{"embeddable":true,"href":"https:\/\/gsro.de\/index.php\/wp-json\/wp\/v2\/users\/2"}],"replies":[{"embeddable":true,"href":"https:\/\/gsro.de\/index.php\/wp-json\/wp\/v2\/comments?post=30615"}],"version-history":[{"count":2,"href":"https:\/\/gsro.de\/index.php\/wp-json\/wp\/v2\/pages\/30615\/revisions"}],"predecessor-version":[{"id":30618,"href":"https:\/\/gsro.de\/index.php\/wp-json\/wp\/v2\/pages\/30615\/revisions\/30618"}],"wp:attachment":[{"href":"https:\/\/gsro.de\/index.php\/wp-json\/wp\/v2\/media?parent=30615"}],"curies":[{"name":"wp","href":"https:\/\/api.w.org\/{rel}","templated":true}]}}